{"id":231,"date":"2025-06-18T12:05:28","date_gmt":"2025-06-18T12:05:28","guid":{"rendered":"https:\/\/academiarevigoradynamic.com.br\/?page_id=231"},"modified":"2025-08-13T20:31:34","modified_gmt":"2025-08-13T20:31:34","slug":"contato","status":"publish","type":"page","link":"https:\/\/academiarevigoradynamic.com.br\/index.php\/contato\/","title":{"rendered":"contato"},"content":{"rendered":"\t\t<div data-elementor-type=\"wp-page\" data-elementor-id=\"231\" class=\"elementor elementor-231\">\n\t\t\t\t<div class=\"elementor-element elementor-element-fec2076 e-con-full elementor-hidden-mobile e-flex e-con e-parent\" data-id=\"fec2076\" data-element_type=\"container\" data-settings=\"{&quot;background_background&quot;:&quot;classic&quot;}\">\n\t\t\t\t<div class=\"elementor-element elementor-element-07ebf91 elementor-widget elementor-widget-spacer\" data-id=\"07ebf91\" data-element_type=\"widget\" data-widget_type=\"spacer.default\">\n\t\t\t\t<div class=\"elementor-widget-container\">\n\t\t\t\t\t\t\t<div class=\"elementor-spacer\">\n\t\t\t<div class=\"elementor-spacer-inner\"><\/div>\n\t\t<\/div>\n\t\t\t\t\t\t<\/div>\n\t\t\t\t<\/div>\n\t\t\t\t<div class=\"elementor-element elementor-element-6252113 elementor-widget elementor-widget-heading\" data-id=\"6252113\" data-element_type=\"widget\" data-widget_type=\"heading.default\">\n\t\t\t\t<div class=\"elementor-widget-container\">\n\t\t\t\t\t<h2 class=\"elementor-heading-title elementor-size-default\">Contato<\/h2>\t\t\t\t<\/div>\n\t\t\t\t<\/div>\n\t\t\t\t<div class=\"elementor-element elementor-element-0eaad8d elementor-widget elementor-widget-spacer\" data-id=\"0eaad8d\" data-element_type=\"widget\" data-widget_type=\"spacer.default\">\n\t\t\t\t<div class=\"elementor-widget-container\">\n\t\t\t\t\t\t\t<div class=\"elementor-spacer\">\n\t\t\t<div class=\"elementor-spacer-inner\"><\/div>\n\t\t<\/div>\n\t\t\t\t\t\t<\/div>\n\t\t\t\t<\/div>\n\t\t\t\t<\/div>\n\t\t<div class=\"elementor-element elementor-element-1754203 e-con-full elementor-hidden-desktop elementor-hidden-tablet e-flex e-con e-parent\" data-id=\"1754203\" data-element_type=\"container\" data-settings=\"{&quot;background_background&quot;:&quot;classic&quot;}\">\n\t\t\t\t<div class=\"elementor-element elementor-element-fa5e0a9 elementor-widget elementor-widget-spacer\" data-id=\"fa5e0a9\" data-element_type=\"widget\" data-widget_type=\"spacer.default\">\n\t\t\t\t<div class=\"elementor-widget-container\">\n\t\t\t\t\t\t\t<div class=\"elementor-spacer\">\n\t\t\t<div class=\"elementor-spacer-inner\"><\/div>\n\t\t<\/div>\n\t\t\t\t\t\t<\/div>\n\t\t\t\t<\/div>\n\t\t\t\t<div class=\"elementor-element elementor-element-49662b4 elementor-widget elementor-widget-heading\" data-id=\"49662b4\" data-element_type=\"widget\" data-widget_type=\"heading.default\">\n\t\t\t\t<div class=\"elementor-widget-container\">\n\t\t\t\t\t<h2 class=\"elementor-heading-title elementor-size-default\">Contato<\/h2>\t\t\t\t<\/div>\n\t\t\t\t<\/div>\n\t\t\t\t<div class=\"elementor-element elementor-element-90ca3a4 elementor-widget elementor-widget-spacer\" data-id=\"90ca3a4\" data-element_type=\"widget\" data-widget_type=\"spacer.default\">\n\t\t\t\t<div class=\"elementor-widget-container\">\n\t\t\t\t\t\t\t<div class=\"elementor-spacer\">\n\t\t\t<div class=\"elementor-spacer-inner\"><\/div>\n\t\t<\/div>\n\t\t\t\t\t\t<\/div>\n\t\t\t\t<\/div>\n\t\t\t\t<\/div>\n\t\t<div class=\"elementor-element elementor-element-6c65323 e-flex e-con-boxed e-con e-parent\" data-id=\"6c65323\" data-element_type=\"container\" data-settings=\"{&quot;background_background&quot;:&quot;classic&quot;}\">\n\t\t\t\t\t<div class=\"e-con-inner\">\n\t\t<div class=\"elementor-element elementor-element-f79b23c e-con-full e-flex e-con e-child\" data-id=\"f79b23c\" data-element_type=\"container\">\n\t\t\t\t<div class=\"elementor-element elementor-element-24cfa61 elementor-widget elementor-widget-spacer\" data-id=\"24cfa61\" data-element_type=\"widget\" data-widget_type=\"spacer.default\">\n\t\t\t\t<div class=\"elementor-widget-container\">\n\t\t\t\t\t\t\t<div class=\"elementor-spacer\">\n\t\t\t<div class=\"elementor-spacer-inner\"><\/div>\n\t\t<\/div>\n\t\t\t\t\t\t<\/div>\n\t\t\t\t<\/div>\n\t\t\t\t<div class=\"elementor-element elementor-element-1316c60 elementor-widget elementor-widget-heading\" data-id=\"1316c60\" data-element_type=\"widget\" data-widget_type=\"heading.default\">\n\t\t\t\t<div class=\"elementor-widget-container\">\n\t\t\t\t\t<h2 class=\"elementor-heading-title elementor-size-default\">Fale Conosco!<\/h2>\t\t\t\t<\/div>\n\t\t\t\t<\/div>\n\t\t\t\t<div class=\"elementor-element elementor-element-e702654 elementor-widget elementor-widget-text-editor\" data-id=\"e702654\" data-element_type=\"widget\" data-widget_type=\"text-editor.default\">\n\t\t\t\t<div class=\"elementor-widget-container\">\n\t\t\t\t\t\t\t\t\t<p class=\"txt-vermelho titulo-footer\"><strong>ONDE ESTAMOS: <\/strong><\/p><p class=\"txt-vermelho titulo-footer\">Av. S\u00e3o Bernardo do Campo, 384 &#8211; Jardim Santa Cristina, Santo Andr\u00e9 &#8211; SP, 09171-100<\/p><p class=\"txt-vermelho titulo-footer\"><strong>CONTATO:<\/strong><\/p><p class=\"info-footer\">WhatsApp Recep\u00e7\u00e3o: (11)\u00a04972-2988<br \/>e-mail: contato@academiarevigoradynamic.com.br<\/p><p class=\"txt-vermelho titulo-footer\"><strong>HOR\u00c1RIOS DE FUNCIONAMENTO<\/strong><\/p><p class=\"info-footer\"><strong>Seg-Sex:<\/strong> 06:00 \u00e0s 22:00h<\/p><p class=\"info-footer\"><strong>S\u00e1b:<\/strong> 08:00 \u00e0s 14:00h<\/p>\t\t\t\t\t\t\t\t<\/div>\n\t\t\t\t<\/div>\n\t\t\t\t<div class=\"elementor-element elementor-element-8af13ca elementor-widget elementor-widget-spacer\" data-id=\"8af13ca\" data-element_type=\"widget\" data-widget_type=\"spacer.default\">\n\t\t\t\t<div class=\"elementor-widget-container\">\n\t\t\t\t\t\t\t<div class=\"elementor-spacer\">\n\t\t\t<div class=\"elementor-spacer-inner\"><\/div>\n\t\t<\/div>\n\t\t\t\t\t\t<\/div>\n\t\t\t\t<\/div>\n\t\t\t\t<\/div>\n\t\t<div class=\"elementor-element elementor-element-e8350ae e-con-full e-flex e-con e-child\" data-id=\"e8350ae\" data-element_type=\"container\">\n\t\t\t\t<div class=\"elementor-element elementor-element-04a16ec elementor-widget elementor-widget-image\" data-id=\"04a16ec\" data-element_type=\"widget\" data-widget_type=\"image.default\">\n\t\t\t\t<div class=\"elementor-widget-container\">\n\t\t\t\t\t\t\t\t\t\t\t\t\t\t\t<img fetchpriority=\"high\" decoding=\"async\" width=\"800\" height=\"800\" src=\"https:\/\/academiarevigoradynamic.com.br\/wp-content\/uploads\/2025\/06\/2148785582.jpg\" class=\"attachment-large size-large wp-image-237\" alt=\"\" srcset=\"https:\/\/academiarevigoradynamic.com.br\/wp-content\/uploads\/2025\/06\/2148785582.jpg 1000w, https:\/\/academiarevigoradynamic.com.br\/wp-content\/uploads\/2025\/06\/2148785582-300x300.jpg 300w, https:\/\/academiarevigoradynamic.com.br\/wp-content\/uploads\/2025\/06\/2148785582-150x150.jpg 150w, https:\/\/academiarevigoradynamic.com.br\/wp-content\/uploads\/2025\/06\/2148785582-768x768.jpg 768w\" sizes=\"(max-width: 800px) 100vw, 800px\" \/>\t\t\t\t\t\t\t\t\t\t\t\t\t\t\t<\/div>\n\t\t\t\t<\/div>\n\t\t\t\t<\/div>\n\t\t\t\t\t<\/div>\n\t\t\t\t<\/div>\n\t\t\t\t<\/div>\n\t\t","protected":false},"excerpt":{"rendered":"<p>Contato Contato Fale Conosco! ONDE ESTAMOS: Av. S\u00e3o Bernardo do Campo, 384 &#8211; Jardim Santa Cristina, Santo Andr\u00e9 &#8211; SP, 09171-100 CONTATO: WhatsApp Recep\u00e7\u00e3o: (11)\u00a04972-2988e-mail: contato@academiarevigoradynamic.com.br HOR\u00c1RIOS DE FUNCIONAMENTO Seg-Sex: 06:00 \u00e0s 22:00h S\u00e1b: 08:00 \u00e0s 14:00h<\/p>\n","protected":false},"author":1,"featured_media":0,"parent":0,"menu_order":0,"comment_status":"closed","ping_status":"closed","template":"elementor_header_footer","meta":{"footnotes":""},"class_list":["post-231","page","type-page","status-publish","hentry"],"_links":{"self":[{"href":"https:\/\/academiarevigoradynamic.com.br\/index.php\/wp-json\/wp\/v2\/pages\/231","targetHints":{"allow":["GET"]}}],"collection":[{"href":"https:\/\/academiarevigoradynamic.com.br\/index.php\/wp-json\/wp\/v2\/pages"}],"about":[{"href":"https:\/\/academiarevigoradynamic.com.br\/index.php\/wp-json\/wp\/v2\/types\/page"}],"author":[{"embeddable":true,"href":"https:\/\/academiarevigoradynamic.com.br\/index.php\/wp-json\/wp\/v2\/users\/1"}],"replies":[{"embeddable":true,"href":"https:\/\/academiarevigoradynamic.com.br\/index.php\/wp-json\/wp\/v2\/comments?post=231"}],"version-history":[{"count":13,"href":"https:\/\/academiarevigoradynamic.com.br\/index.php\/wp-json\/wp\/v2\/pages\/231\/revisions"}],"predecessor-version":[{"id":684,"href":"https:\/\/academiarevigoradynamic.com.br\/index.php\/wp-json\/wp\/v2\/pages\/231\/revisions\/684"}],"wp:attachment":[{"href":"https:\/\/academiarevigoradynamic.com.br\/index.php\/wp-json\/wp\/v2\/media?parent=231"}],"curies":[{"name":"wp","href":"https:\/\/api.w.org\/{rel}","templated":true}]}}